{"id":6,"date":"2022-02-27T08:22:12","date_gmt":"2022-02-27T07:22:12","guid":{"rendered":"http:\/\/earth2.fr\/index.php\/highlight-pro\/"},"modified":"2026-02-06T10:54:45","modified_gmt":"2026-02-06T09:54:45","slug":"highlight-pro","status":"publish","type":"page","link":"https:\/\/infernet-cadiere.com\/","title":{"rendered":"Accueil"},"content":{"rendered":"<div  data-label=\"presentation\" data-id=\"content--1\" data-export-id=\"content-7-mc\" data-category=\"content\" class=\"content-7-mc content-section content-section-spacing\" id=\"presentation\" style=\"background-color: rgb(255, 255, 255);\"><div  class=\"gridContainer\"> <div  class=\"row middle-sm\"><div  class=\"col-sm-6 space-bottom-xs\" data-type=\"column\">  <h2  class=\"\"><span  style=\"font-weight: 600;\">L\u2019AAPPMA L\u2019INFERNET CADI\u00c8RE<\/span> g\u00e8re les rivi\u00e8res et plans d\u2019eau du bassin versant de la Cadi\u00e8re.<\/h2><p  class=\"\">Il s\u2019agit des cours d\u2019eau de l\u2019Infernet, la Cadi\u00e8re, le Raumartin, le Bondon, la Marthe et le ravin d\u2019aix ainsi que les plans d\u2019eau appel\u00e9s \u00ab Jardin des Pesca\u00efres \u00bb et le \u00ab Lac de la Tuili\u00e8re \u00bb.<br >\nAssociation de P\u00eache de Vitrolles \u2013 Infernet Cadi\u00e8re :&nbsp; Pour l\u2019ann\u00e9e 2025, elle a regroup\u00e9 1289 adh\u00e9rents.<\/p> <\/div> <div  class=\"col-sm-6\" data-type=\"column\"> <img  decoding=\"async\" class=\"shadow-large\" src=\"https:\/\/infernet-cadiere.com\/wp-content\/uploads\/2022\/02\/cropped-manifestations.jpg\" title=\"cropped-manifestations.jpg\" alt=\"\"><\/div> <\/div><\/div> <\/div><div  data-label=\"interlude\" data-id=\"cta--1\" data-export-id=\"cta-centered-bg-section\" data-category=\"cta\" data-section-ov=\"1\" class=\"cta-centered-bg-section content-section content-section-spacing-medium white-text content-relative\" data-parallax-depth=\"20\" id=\"interlude\" style=\"background-color: rgb(245, 250, 253); background-image: url(&quot;https:\/\/infernet-cadiere.com\/wp-content\/uploads\/2022\/03\/42090779_2101763870152803_2961661653201977344_n.jpg&quot;); background-size: cover; background-position: center top;\"><div  class=\"gridContainer\"> <div  class=\"row text-center\"><div  data-type=\"column\" class=\"\">  <\/div> <\/div><\/div> <\/div><div  data-label=\"guide\" data-id=\"content--2\" data-export-id=\"content-8-mc\" data-category=\"content\" class=\"content-8-mc content-section content-section-spacing\" id=\"guide\" style=\"background-color: rgb(245, 250, 253);\"><div  class=\"gridContainer\"> <div  class=\"row middle-sm\"><div  class=\"col-sm-6 space-bottom-xs space-top-xs\" data-type=\"column\"> <a  data-cp-link=\"1\" href=\"https:\/\/infernet-cadiere.com\/wp-content\/uploads\/2025\/12\/Guide-peche-AAPPMA-2026-N\u00b032-_compressed.pdf\" class=\"\" target=\"_blank\" rel=\"noopener\"><img  decoding=\"async\" class=\"shadow-large\" src=\"https:\/\/infernet-cadiere.com\/wp-content\/uploads\/2025\/12\/Guide-peche-AAPPMA-2026-N\u00b032-_compressed.pdf\" title=\"cropped-Capture-decran-2022-02-28-a-11.10.51.png\" alt=\"\"><\/a><\/div> <div  class=\"col-sm-6\" data-type=\"column\"><h2  class=\"\">Guide p\u00eache A.A.P.P.M.A. &nbsp;L\u2019INFERNET CADI\u00c8RE<\/h2> <p  class=\"\">Calendrier, Informations, Acc\u00e8s, prix, R\u00e9glementation\u2026<\/p> <a  class=\"button color5 dark-text\" href=\"https:\/\/infernet-cadiere.com\/wp-content\/uploads\/2025\/12\/Guide-peche-AAPPMA-2026-N\u00b032-_compressed.pdf\" target=\"_blank\" data-cp-link=\"1\" data-icon=\"\" rel=\"noopener\">T\u00e9l\u00e9chargez notre Guide<\/a><\/div> <\/div><\/div> <\/div><div  data-label=\"carte de peche\" data-id=\"content--3\" data-export-id=\"content-15\" data-category=\"content\" class=\"content-15 content-section content-section-spacing\" id=\"carte-de-peche\" style=\"background-color: rgb(255, 255, 255);\"><div  class=\"gridContainer\"> <div  class=\"row middle-sm\"><div  class=\"col-sm-6 flexbox around-xs top-xs space-bottom-xs space-top-xs\"> <div  class=\"overlay-box flexbox middle-xs center-xs overlay-holder\"><div  class=\"overlay-box-offset offset-border shadow-medium border-color2 hide-xs\"><\/div> <a  data-cp-link=\"1\" href=\"#\"><img  decoding=\"async\" class=\"flexbox shadow-large img1\" data-size=\"500x500\" src=\"https:\/\/infernet-cadiere.com\/wp-content\/uploads\/2022\/02\/cropped-117381381_2655017138160804_7514836955487769516_n.jpg\" title=\"cropped-117381381_2655017138160804_7514836955487769516_n.jpg\" alt=\"\"><\/a><\/div> <\/div> <div  class=\"col-sm-6\" data-type=\"column\"> <h2  class=\"\">CARTE DE P\u00caCHE<\/h2> <p  class=\"\">UNE CARTE POUR PARTICIPER \u00c0 LA PROTECTION DE NOTRE PATRIMOINE NATUREL\n<br ><br >\nEn prenant une carte de p\u00eache, vous participez au financement des missions d\u2019int\u00e9r\u00eat g\u00e9n\u00e9ral des AAPPMA, des f\u00e9d\u00e9rations \u00e0 l\u2019\u00e9chelon d\u00e9partemental, de leurs unions au niveau r\u00e9gional et de la F\u00e9d\u00e9ration nationale de la p\u00eache et de la protection du milieu aquatique.\n<br ><br >\nLes missions de ce r\u00e9seau associatif consistent notamment en la r\u00e9alisation de travaux d\u2019entretien, de restauration, de protection des \u00e9cosyst\u00e8mes aquatiques et de mesures de gestion et de protection du patrimoine piscicole.\n<br ><br >\nLa cotisation d\u2019adh\u00e9sion permet \u00e9galement de garantir le fonctionnement d\u2019un r\u00e9seau d\u2019information, d\u2019animation, de surveillance et d\u2019\u00e9ducation \u00e0 l\u2019environnement.<br >\nEnfin et par ailleurs, l\u2019adh\u00e9sion comporte une part qui alimente les Agences de l\u2019Eau charg\u00e9es par la loi de financer la politique de l\u2019eau en France, c\u2019est la redevance pour la protection du milieu aquatique.<\/p> <\/div> <\/div><\/div> <\/div><div  data-label=\"interlude2\" data-id=\"cta--2\" data-export-id=\"cta-centered-bg-section\" data-category=\"cta\" data-section-ov=\"1\" class=\"cta-centered-bg-section content-section content-section-spacing-medium white-text\" data-parallax-depth=\"20\" id=\"interlude2\" style=\"background-color: rgb(255, 255, 255); background-image: url(&quot;https:\/\/infernet-cadiere.com\/wp-content\/uploads\/2022\/02\/173183041_2861948114134371_5195484667207573917_n.jpg&quot;); background-size: cover; background-position: center top;\"><div  class=\"gridContainer\"> <div  class=\"row text-center\"><div  data-type=\"column\" class=\"\">  <\/div> <\/div><\/div> <\/div><div  data-label=\"actu\" data-id=\"latest_news--1\" data-export-id=\"blog-section-mc\" data-category=\"latest_news\" class=\"blog-section-mc blog-section-standard content-section content-section-spacing\" id=\"actu\" style=\"background-color: rgb(245, 250, 253);\"><div  class=\"gridContainer\"> <div  class=\"row\"><div  data-type=\"column\" class=\"section-title-col\">  <h2  class=\"\">Toute notre Actualit\u00e9<\/h2> <p  class=\"lead\">Restez inform\u00e9s<\/p><\/div> <\/div> <div  class=\"row\"> <div  data-type=\"row\" data-dynamic-columns=\"handled\" data-content-shortcode=\"mesmerize_latest_news posts=&quot;3&quot;\">\t\t<div class=\"row center-sm content-left-sm\">\n\t\t\t\t\t<div id=\"post-2195\" class=\"col-sm-6 col-md-4 space-bottom space-bottom-xs\">\n\t\t\t\t<div class=\"post-content card y-move bordered\">\n\t\t\t\t\t    <div class=\"post-thumbnail\">\n        <a href=\"https:\/\/infernet-cadiere.com\/index.php\/2026\/03\/16\/junior-fishing-tour\/\" class=\"post-list-item-thumb \">\n            <img loading=\"lazy\" decoding=\"async\" width=\"1024\" height=\"599\" src=\"https:\/\/infernet-cadiere.com\/wp-content\/uploads\/2025\/06\/IMG_1553-1024x599.jpeg\" class=\"attachment-post-thumbnail size-post-thumbnail wp-post-image\" alt=\"\" srcset=\"https:\/\/infernet-cadiere.com\/wp-content\/uploads\/2025\/06\/IMG_1553-1024x599.jpeg 1024w, https:\/\/infernet-cadiere.com\/wp-content\/uploads\/2025\/06\/IMG_1553-300x175.jpeg 300w, https:\/\/infernet-cadiere.com\/wp-content\/uploads\/2025\/06\/IMG_1553-768x449.jpeg 768w, https:\/\/infernet-cadiere.com\/wp-content\/uploads\/2025\/06\/IMG_1553-1536x898.jpeg 1536w, https:\/\/infernet-cadiere.com\/wp-content\/uploads\/2025\/06\/IMG_1553.jpeg 1686w\" sizes=\"auto, (max-width: 1024px) 100vw, 1024px\" \/>        <\/a>\n    <\/div>\n    \t\t\t\t\t<div class=\"col-padding col-padding-xs\">\n\t\t\t\t\t\t<h3 class=\"post-title space-bottom-small\">\n\t\t\t\t\t\t\t<a href=\"https:\/\/infernet-cadiere.com\/index.php\/2026\/03\/16\/junior-fishing-tour\/\" rel=\"bookmark\">\n\t\t\t\t\t\t\t\tJUNIOR FISHING TOUR \/ Comp\u00e9tition Jeunes\t\t\t\t\t\t\t<\/a>\n\t\t\t\t\t\t<\/h3>\n\t\t\t\t\t\t<p>Pour tout renseignements cliquer sur le \u00ab\u00a0lien\u00a0\u00bb<\/p>\n\t\t\t\t\t\t<a class=\"read-more link\" href=\"https:\/\/infernet-cadiere.com\/index.php\/2026\/03\/16\/junior-fishing-tour\/\">\n\t\t\t\t\t\t\tRead more\t\t\t\t\t\t<\/a>\n\t\t\t\t\t<\/div>\n\t\t\t\t<\/div>\n\t\t\t<\/div>\n\t\t\t\t\t\t<div id=\"post-1776\" class=\"col-sm-6 col-md-4 space-bottom space-bottom-xs\">\n\t\t\t\t<div class=\"post-content card y-move bordered\">\n\t\t\t\t\t    <div class=\"post-thumbnail\">\n        <a href=\"https:\/\/infernet-cadiere.com\/index.php\/2026\/03\/04\/prochain-lacher-de-la-saison\/\" class=\"post-list-item-thumb \">\n            <img loading=\"lazy\" decoding=\"async\" width=\"1024\" height=\"1365\" src=\"https:\/\/infernet-cadiere.com\/wp-content\/uploads\/2022\/05\/IMG_1991-1024x1365.jpg\" class=\"attachment-post-thumbnail size-post-thumbnail wp-post-image\" alt=\"\" srcset=\"https:\/\/infernet-cadiere.com\/wp-content\/uploads\/2022\/05\/IMG_1991-1024x1365.jpg 1024w, https:\/\/infernet-cadiere.com\/wp-content\/uploads\/2022\/05\/IMG_1991-225x300.jpg 225w, https:\/\/infernet-cadiere.com\/wp-content\/uploads\/2022\/05\/IMG_1991-768x1024.jpg 768w, https:\/\/infernet-cadiere.com\/wp-content\/uploads\/2022\/05\/IMG_1991-1152x1536.jpg 1152w, https:\/\/infernet-cadiere.com\/wp-content\/uploads\/2022\/05\/IMG_1991-1536x2048.jpg 1536w, https:\/\/infernet-cadiere.com\/wp-content\/uploads\/2022\/05\/IMG_1991-810x1080.jpg 810w, https:\/\/infernet-cadiere.com\/wp-content\/uploads\/2022\/05\/IMG_1991-scaled.jpg 1920w\" sizes=\"auto, (max-width: 1024px) 100vw, 1024px\" \/>        <\/a>\n    <\/div>\n    \t\t\t\t\t<div class=\"col-padding col-padding-xs\">\n\t\t\t\t\t\t<h3 class=\"post-title space-bottom-small\">\n\t\t\t\t\t\t\t<a href=\"https:\/\/infernet-cadiere.com\/index.php\/2026\/03\/04\/prochain-lacher-de-la-saison\/\" rel=\"bookmark\">\n\t\t\t\t\t\t\t\tAmis P\u00eacheurs venez participer au prochain L\u00e2cher de la saison le jeudi 23 avril 2026.\t\t\t\t\t\t\t<\/a>\n\t\t\t\t\t\t<\/h3>\n\t\t\t\t\t\t<p>L\u2019AAPPMA proc\u00e8dera \u00e0 un l\u00e2cher de truites le jeudi 23 avril 2026. Vous pouvez y participer. Le rendez-vous est fix\u00e9 \u00e0 8h30 au local de l\u2019AAPPMA situ\u00e9 dans le parc[&hellip;]<\/p>\n\t\t\t\t\t\t<a class=\"read-more link\" href=\"https:\/\/infernet-cadiere.com\/index.php\/2026\/03\/04\/prochain-lacher-de-la-saison\/\">\n\t\t\t\t\t\t\tRead more\t\t\t\t\t\t<\/a>\n\t\t\t\t\t<\/div>\n\t\t\t\t<\/div>\n\t\t\t<\/div>\n\t\t\t\t\t\t<div id=\"post-2440\" class=\"col-sm-6 col-md-4 space-bottom space-bottom-xs\">\n\t\t\t\t<div class=\"post-content card y-move bordered\">\n\t\t\t\t\t    <div class=\"post-thumbnail\">\n        <a href=\"https:\/\/infernet-cadiere.com\/index.php\/2026\/03\/04\/nouvelle-reglementation-au-lac-de-la-tuiliere\/\" class=\"post-list-item-thumb \">\n            <img loading=\"lazy\" decoding=\"async\" width=\"1024\" height=\"768\" src=\"https:\/\/infernet-cadiere.com\/wp-content\/uploads\/2022\/12\/60204D8B-6E37-4223-B2AA-353F34908E91-1024x768.jpeg\" class=\"attachment-post-thumbnail size-post-thumbnail wp-post-image\" alt=\"\" srcset=\"https:\/\/infernet-cadiere.com\/wp-content\/uploads\/2022\/12\/60204D8B-6E37-4223-B2AA-353F34908E91-1024x768.jpeg 1024w, https:\/\/infernet-cadiere.com\/wp-content\/uploads\/2022\/12\/60204D8B-6E37-4223-B2AA-353F34908E91-300x225.jpeg 300w, https:\/\/infernet-cadiere.com\/wp-content\/uploads\/2022\/12\/60204D8B-6E37-4223-B2AA-353F34908E91-768x576.jpeg 768w, https:\/\/infernet-cadiere.com\/wp-content\/uploads\/2022\/12\/60204D8B-6E37-4223-B2AA-353F34908E91-1536x1152.jpeg 1536w, https:\/\/infernet-cadiere.com\/wp-content\/uploads\/2022\/12\/60204D8B-6E37-4223-B2AA-353F34908E91-2048x1536.jpeg 2048w, https:\/\/infernet-cadiere.com\/wp-content\/uploads\/2022\/12\/60204D8B-6E37-4223-B2AA-353F34908E91-1440x1080.jpeg 1440w\" sizes=\"auto, (max-width: 1024px) 100vw, 1024px\" \/>        <\/a>\n    <\/div>\n    \t\t\t\t\t<div class=\"col-padding col-padding-xs\">\n\t\t\t\t\t\t<h3 class=\"post-title space-bottom-small\">\n\t\t\t\t\t\t\t<a href=\"https:\/\/infernet-cadiere.com\/index.php\/2026\/03\/04\/nouvelle-reglementation-au-lac-de-la-tuiliere\/\" rel=\"bookmark\">\n\t\t\t\t\t\t\t\tNOUVELLE  REGLEMENTATION AU LAC DE LA TUILI\u00c8RE\t\t\t\t\t\t\t<\/a>\n\t\t\t\t\t\t<\/h3>\n\t\t\t\t\t\t<p>Pour plus de renseignements reportez vous dans l\u2019onglet \u00ab&nbsp;R\u00e8glementation&nbsp;\u00bb<\/p>\n\t\t\t\t\t\t<a class=\"read-more link\" href=\"https:\/\/infernet-cadiere.com\/index.php\/2026\/03\/04\/nouvelle-reglementation-au-lac-de-la-tuiliere\/\">\n\t\t\t\t\t\t\tRead more\t\t\t\t\t\t<\/a>\n\t\t\t\t\t<\/div>\n\t\t\t\t<\/div>\n\t\t\t<\/div>\n\t\t\t\t<\/div>\n\t<\/div><\/div> <div  class=\"row\"><div  class=\"text-center\"> <a  class=\"button color5 dark-text\" data-attr-shortcode=\"href:mesmerize_blog_link\" href=\"https:\/\/infernet-cadiere.com\/index.php\/blog\/\" data-icon=\"\">Toute notre actualit\u00e9<\/a><\/div> <\/div><\/div><\/div>","protected":false},"excerpt":{"rendered":"<p>L\u2019AAPPMA L\u2019INFERNET CADI\u00c8RE g\u00e8re les rivi\u00e8res et plans d\u2019eau du bassin versant de la Cadi\u00e8re.Il s\u2019agit des cours d\u2019eau de l\u2019Infernet, la Cadi\u00e8re, le Raumartin, le Bondon, la Marthe et le ravin d\u2019aix ainsi que les plans d\u2019eau appel\u00e9s \u00ab Jardin des Pesca\u00efres \u00bb et le \u00ab Lac de la Tuili\u00e8re \u00bb. Association de P\u00eache&hellip; <br \/> <a class=\"read-more\" href=\"https:\/\/infernet-cadiere.com\/index.php\/2026\/03\/04\/nouvelle-reglementation-au-lac-de-la-tuiliere\/\">Read more<\/a><\/p>\n","protected":false},"author":1,"featured_media":0,"parent":0,"menu_order":0,"comment_status":"closed","ping_status":"closed","template":"page-templates\/homepage.php","meta":{"footnotes":""},"class_list":["post-6","page","type-page","status-publish","hentry"],"yoast_head":"<!-- This site is optimized with the Yoast SEO plugin v27.4 - https:\/\/yoast.com\/product\/yoast-seo-wordpress\/ -->\n<title>Accueil - L&#039;infernet Cadi\u00e8re<\/title>\n<meta name=\"robots\" content=\"index, follow, max-snippet:-1, max-image-preview:large, max-video-preview:-1\" \/>\n<link rel=\"canonical\" href=\"https:\/\/infernet-cadiere.com\/\" \/>\n<meta property=\"og:locale\" content=\"fr_FR\" \/>\n<meta property=\"og:type\" content=\"article\" \/>\n<meta property=\"og:title\" content=\"Accueil - L&#039;infernet Cadi\u00e8re\" \/>\n<meta property=\"og:description\" content=\"L\u2019AAPPMA L\u2019INFERNET CADI\u00c8RE g\u00e8re les rivi\u00e8res et plans d\u2019eau du bassin versant de la Cadi\u00e8re.Il s\u2019agit des cours d\u2019eau de l\u2019Infernet, la Cadi\u00e8re, le Raumartin, le Bondon, la Marthe et le ravin d\u2019aix ainsi que les plans d\u2019eau appel\u00e9s \u00ab Jardin des Pesca\u00efres \u00bb et le \u00ab Lac de la Tuili\u00e8re \u00bb. Association de P\u00eache&hellip; Read more\" \/>\n<meta property=\"og:url\" content=\"https:\/\/infernet-cadiere.com\/\" \/>\n<meta property=\"og:site_name\" content=\"L&#039;infernet Cadi\u00e8re\" \/>\n<meta property=\"article:modified_time\" content=\"2026-02-06T09:54:45+00:00\" \/>\n<meta property=\"og:image\" content=\"https:\/\/infernet-cadiere.com\/wp-content\/uploads\/2022\/02\/cropped-manifestations.jpg\" \/>\n<meta name=\"twitter:card\" content=\"summary_large_image\" \/>\n<meta name=\"twitter:label1\" content=\"Dur\u00e9e de lecture estim\u00e9e\" \/>\n\t<meta name=\"twitter:data1\" content=\"2 minutes\" \/>\n<script type=\"application\/ld+json\" class=\"yoast-schema-graph\">{\"@context\":\"https:\\\/\\\/schema.org\",\"@graph\":[{\"@type\":\"WebPage\",\"@id\":\"https:\\\/\\\/infernet-cadiere.com\\\/\",\"url\":\"https:\\\/\\\/infernet-cadiere.com\\\/\",\"name\":\"Accueil - L&#039;infernet Cadi\u00e8re\",\"isPartOf\":{\"@id\":\"https:\\\/\\\/infernet-cadiere.com\\\/#website\"},\"primaryImageOfPage\":{\"@id\":\"https:\\\/\\\/infernet-cadiere.com\\\/#primaryimage\"},\"image\":{\"@id\":\"https:\\\/\\\/infernet-cadiere.com\\\/#primaryimage\"},\"thumbnailUrl\":\"https:\\\/\\\/infernet-cadiere.com\\\/wp-content\\\/uploads\\\/2022\\\/02\\\/cropped-manifestations.jpg\",\"datePublished\":\"2022-02-27T07:22:12+00:00\",\"dateModified\":\"2026-02-06T09:54:45+00:00\",\"breadcrumb\":{\"@id\":\"https:\\\/\\\/infernet-cadiere.com\\\/#breadcrumb\"},\"inLanguage\":\"fr-FR\",\"potentialAction\":[{\"@type\":\"ReadAction\",\"target\":[\"https:\\\/\\\/infernet-cadiere.com\\\/\"]}]},{\"@type\":\"ImageObject\",\"inLanguage\":\"fr-FR\",\"@id\":\"https:\\\/\\\/infernet-cadiere.com\\\/#primaryimage\",\"url\":\"https:\\\/\\\/infernet-cadiere.com\\\/wp-content\\\/uploads\\\/2022\\\/02\\\/cropped-manifestations.jpg\",\"contentUrl\":\"https:\\\/\\\/infernet-cadiere.com\\\/wp-content\\\/uploads\\\/2022\\\/02\\\/cropped-manifestations.jpg\",\"width\":711,\"height\":476},{\"@type\":\"BreadcrumbList\",\"@id\":\"https:\\\/\\\/infernet-cadiere.com\\\/#breadcrumb\",\"itemListElement\":[{\"@type\":\"ListItem\",\"position\":1,\"name\":\"Accueil\",\"item\":\"https:\\\/\\\/infernet-cadiere.com\\\/\"},{\"@type\":\"ListItem\",\"position\":2,\"name\":\"Accueil\"}]},{\"@type\":\"WebSite\",\"@id\":\"https:\\\/\\\/infernet-cadiere.com\\\/#website\",\"url\":\"https:\\\/\\\/infernet-cadiere.com\\\/\",\"name\":\"L&#039;infernet Cadi\u00e8re\",\"description\":\"Association\",\"publisher\":{\"@id\":\"https:\\\/\\\/infernet-cadiere.com\\\/#organization\"},\"potentialAction\":[{\"@type\":\"SearchAction\",\"target\":{\"@type\":\"EntryPoint\",\"urlTemplate\":\"https:\\\/\\\/infernet-cadiere.com\\\/?s={search_term_string}\"},\"query-input\":{\"@type\":\"PropertyValueSpecification\",\"valueRequired\":true,\"valueName\":\"search_term_string\"}}],\"inLanguage\":\"fr-FR\"},{\"@type\":\"Organization\",\"@id\":\"https:\\\/\\\/infernet-cadiere.com\\\/#organization\",\"name\":\"L&#039;infernet Cadi\u00e8re\",\"url\":\"https:\\\/\\\/infernet-cadiere.com\\\/\",\"logo\":{\"@type\":\"ImageObject\",\"inLanguage\":\"fr-FR\",\"@id\":\"https:\\\/\\\/infernet-cadiere.com\\\/#\\\/schema\\\/logo\\\/image\\\/\",\"url\":\"https:\\\/\\\/infernet-cadiere.com\\\/wp-content\\\/uploads\\\/2022\\\/02\\\/logo2.png\",\"contentUrl\":\"https:\\\/\\\/infernet-cadiere.com\\\/wp-content\\\/uploads\\\/2022\\\/02\\\/logo2.png\",\"width\":650,\"height\":644,\"caption\":\"L&#039;infernet Cadi\u00e8re\"},\"image\":{\"@id\":\"https:\\\/\\\/infernet-cadiere.com\\\/#\\\/schema\\\/logo\\\/image\\\/\"}}]}<\/script>\n<!-- \/ Yoast SEO plugin. -->","yoast_head_json":{"title":"Accueil - L&#039;infernet Cadi\u00e8re","robots":{"index":"index","follow":"follow","max-snippet":"max-snippet:-1","max-image-preview":"max-image-preview:large","max-video-preview":"max-video-preview:-1"},"canonical":"https:\/\/infernet-cadiere.com\/","og_locale":"fr_FR","og_type":"article","og_title":"Accueil - L&#039;infernet Cadi\u00e8re","og_description":"L\u2019AAPPMA L\u2019INFERNET CADI\u00c8RE g\u00e8re les rivi\u00e8res et plans d\u2019eau du bassin versant de la Cadi\u00e8re.Il s\u2019agit des cours d\u2019eau de l\u2019Infernet, la Cadi\u00e8re, le Raumartin, le Bondon, la Marthe et le ravin d\u2019aix ainsi que les plans d\u2019eau appel\u00e9s \u00ab Jardin des Pesca\u00efres \u00bb et le \u00ab Lac de la Tuili\u00e8re \u00bb. Association de P\u00eache&hellip; Read more","og_url":"https:\/\/infernet-cadiere.com\/","og_site_name":"L&#039;infernet Cadi\u00e8re","article_modified_time":"2026-02-06T09:54:45+00:00","og_image":[{"url":"https:\/\/infernet-cadiere.com\/wp-content\/uploads\/2022\/02\/cropped-manifestations.jpg","type":"","width":"","height":""}],"twitter_card":"summary_large_image","twitter_misc":{"Dur\u00e9e de lecture estim\u00e9e":"2 minutes"},"schema":{"@context":"https:\/\/schema.org","@graph":[{"@type":"WebPage","@id":"https:\/\/infernet-cadiere.com\/","url":"https:\/\/infernet-cadiere.com\/","name":"Accueil - L&#039;infernet Cadi\u00e8re","isPartOf":{"@id":"https:\/\/infernet-cadiere.com\/#website"},"primaryImageOfPage":{"@id":"https:\/\/infernet-cadiere.com\/#primaryimage"},"image":{"@id":"https:\/\/infernet-cadiere.com\/#primaryimage"},"thumbnailUrl":"https:\/\/infernet-cadiere.com\/wp-content\/uploads\/2022\/02\/cropped-manifestations.jpg","datePublished":"2022-02-27T07:22:12+00:00","dateModified":"2026-02-06T09:54:45+00:00","breadcrumb":{"@id":"https:\/\/infernet-cadiere.com\/#breadcrumb"},"inLanguage":"fr-FR","potentialAction":[{"@type":"ReadAction","target":["https:\/\/infernet-cadiere.com\/"]}]},{"@type":"ImageObject","inLanguage":"fr-FR","@id":"https:\/\/infernet-cadiere.com\/#primaryimage","url":"https:\/\/infernet-cadiere.com\/wp-content\/uploads\/2022\/02\/cropped-manifestations.jpg","contentUrl":"https:\/\/infernet-cadiere.com\/wp-content\/uploads\/2022\/02\/cropped-manifestations.jpg","width":711,"height":476},{"@type":"BreadcrumbList","@id":"https:\/\/infernet-cadiere.com\/#breadcrumb","itemListElement":[{"@type":"ListItem","position":1,"name":"Accueil","item":"https:\/\/infernet-cadiere.com\/"},{"@type":"ListItem","position":2,"name":"Accueil"}]},{"@type":"WebSite","@id":"https:\/\/infernet-cadiere.com\/#website","url":"https:\/\/infernet-cadiere.com\/","name":"L&#039;infernet Cadi\u00e8re","description":"Association","publisher":{"@id":"https:\/\/infernet-cadiere.com\/#organization"},"potentialAction":[{"@type":"SearchAction","target":{"@type":"EntryPoint","urlTemplate":"https:\/\/infernet-cadiere.com\/?s={search_term_string}"},"query-input":{"@type":"PropertyValueSpecification","valueRequired":true,"valueName":"search_term_string"}}],"inLanguage":"fr-FR"},{"@type":"Organization","@id":"https:\/\/infernet-cadiere.com\/#organization","name":"L&#039;infernet Cadi\u00e8re","url":"https:\/\/infernet-cadiere.com\/","logo":{"@type":"ImageObject","inLanguage":"fr-FR","@id":"https:\/\/infernet-cadiere.com\/#\/schema\/logo\/image\/","url":"https:\/\/infernet-cadiere.com\/wp-content\/uploads\/2022\/02\/logo2.png","contentUrl":"https:\/\/infernet-cadiere.com\/wp-content\/uploads\/2022\/02\/logo2.png","width":650,"height":644,"caption":"L&#039;infernet Cadi\u00e8re"},"image":{"@id":"https:\/\/infernet-cadiere.com\/#\/schema\/logo\/image\/"}}]}},"_links":{"self":[{"href":"https:\/\/infernet-cadiere.com\/index.php\/wp-json\/wp\/v2\/pages\/6","targetHints":{"allow":["GET"]}}],"collection":[{"href":"https:\/\/infernet-cadiere.com\/index.php\/wp-json\/wp\/v2\/pages"}],"about":[{"href":"https:\/\/infernet-cadiere.com\/index.php\/wp-json\/wp\/v2\/types\/page"}],"author":[{"embeddable":true,"href":"https:\/\/infernet-cadiere.com\/index.php\/wp-json\/wp\/v2\/users\/1"}],"replies":[{"embeddable":true,"href":"https:\/\/infernet-cadiere.com\/index.php\/wp-json\/wp\/v2\/comments?post=6"}],"version-history":[{"count":44,"href":"https:\/\/infernet-cadiere.com\/index.php\/wp-json\/wp\/v2\/pages\/6\/revisions"}],"predecessor-version":[{"id":2403,"href":"https:\/\/infernet-cadiere.com\/index.php\/wp-json\/wp\/v2\/pages\/6\/revisions\/2403"}],"wp:attachment":[{"href":"https:\/\/infernet-cadiere.com\/index.php\/wp-json\/wp\/v2\/media?parent=6"}],"curies":[{"name":"wp","href":"https:\/\/api.w.org\/{rel}","templated":true}]}}