{"id":21,"date":"2022-02-27T09:29:31","date_gmt":"2022-02-27T08:29:31","guid":{"rendered":"http:\/\/earth2.fr\/?page_id=21"},"modified":"2022-12-07T18:17:32","modified_gmt":"2022-12-07T17:17:32","slug":"contact","status":"publish","type":"page","link":"https:\/\/infernet-cadiere.com\/index.php\/contact\/","title":{"rendered":"Contact"},"content":{"rendered":"<div  data-label=\"Contact\" data-id=\"contact--1\" data-export-id=\"contact-3\" data-category=\"contact\" class=\"contact-3 content-section content-section-spacing\" id=\"contact-1\" style=\"background-color: rgba(255, 255, 255, 0); background-image: url(&quot;https:\/\/infernet-cadiere.com\/wp-content\/uploads\/2022\/03\/plan4.png&quot;); background-size: cover; background-position: center top;\" data-section-ov=\"1\"><div  class=\"gridContainer\"> <div  class=\"row\"><div  class=\"col-xs-12 col-sm-6 col-sm-offset-6 col-md-5 col-md-offset-7 text-center\"> <div  data-type=\"column\" class=\"card large-padding\"><h2  class=\"font-300\"><span  style=\"font-weight: 400;\">Contactez-nous<\/span><\/h2> <h4  class=\"font-300\"><span  style=\"font-weight: 400;\">AAPPMA L\u2019INFERNET CADI\u00c8RE<\/span>\n<br >All. des artistes,<br >\nCentre culturel de Fontblanche<br >13127 Vitrolles<\/h4> <p  class=\"\"><span  style=\"font-weight: 700;\">tel :<\/span>&nbsp;<a href=\"tel:04 42 89 06 05\" data-mce-selected=\"inline-boundary\"  data-cp-link=\"1\">04 42 89 06 05<\/a><a  href=\"tel:04 42 89 06 05\" data-mce-selected=\"inline-boundary\" data-cp-link=\"1\"><\/a><\/p> <p  class=\"\"><span  style=\"font-weight: 700;\">Email:<\/span> infernetcadiere@gmail.com<\/p>  <h4  class=\"\">FEDERATION DES BOUCHES DU RH\u00d4NE POUR LA P\u00caCHE\u2028 ET LA PROTECTION DU MILIEU AQUATIQUE \n<br ><br ><span  style=\"color: rgb(107, 124, 147);\">T\u00e9l : <a  href=\"tel:04 42 26 59 15\" data-cp-link=\"1\">04 42 26 59 15<\/a><\/span>\n<br ><br ><span  style=\"font-weight: 700;\">Pour votre Information\n\n<\/span>Consulter la page Facebook de L\u2019AAPPMA<br >Visionner les vid\u00e9os sur Youtube de la F\u00e9d\u00e9ration de p\u00eache 13, de l\u2019Association r\u00e9gionale de p\u00eache Provence Alpes C\u00f4te d\u2019Azur (ARFPPMA PACA), de l\u2019Association Migrateurs Rh\u00f4ne M\u00e9diterran\u00e9e (MRM) et de la F\u00e9d\u00e9ration nationale de la p\u00eache en France (FNPF)\n<br >Vous pouvez vous rendre \u00e9galement sur leur site internet<br ><br >\n<\/h4><\/div> <\/div><\/div> <\/div><\/div>","protected":false},"excerpt":{"rendered":"<p>Contactez-nous AAPPMA L\u2019INFERNET CADI\u00c8RE All. des artistes, Centre culturel de Fontblanche13127 Vitrolles tel :&nbsp;04 42 89 06 05 Email: infernetcadiere@gmail.com FEDERATION DES BOUCHES DU RH\u00d4NE POUR LA P\u00caCHE\u2028 ET LA PROTECTION DU MILIEU AQUATIQUE T\u00e9l : 04 42 26 59 15 Pour votre Information Consulter la page Facebook de L\u2019AAPPMAVisionner les vid\u00e9os sur Youtube de&hellip; <br \/> <a class=\"read-more\" href=\"https:\/\/infernet-cadiere.com\/index.php\/contact\/\">Read more<\/a><\/p>\n","protected":false},"author":1,"featured_media":282,"parent":0,"menu_order":0,"comment_status":"closed","ping_status":"closed","template":"pro\/page-templates\/full-width-page.php","meta":{"footnotes":""},"class_list":["post-21","page","type-page","status-publish","has-post-thumbnail","hentry"],"yoast_head":"<!-- This site is optimized with the Yoast SEO plugin v27.6 - https:\/\/yoast.com\/product\/yoast-seo-wordpress\/ -->\n<title>Contact - L&#039;infernet Cadi\u00e8re<\/title>\n<meta name=\"robots\" content=\"index, follow, max-snippet:-1, max-image-preview:large, max-video-preview:-1\" \/>\n<link rel=\"canonical\" href=\"https:\/\/infernet-cadiere.com\/index.php\/contact\/\" \/>\n<meta property=\"og:locale\" content=\"fr_FR\" \/>\n<meta property=\"og:type\" content=\"article\" \/>\n<meta property=\"og:title\" content=\"Contact - L&#039;infernet Cadi\u00e8re\" \/>\n<meta property=\"og:description\" content=\"Contactez-nous AAPPMA L\u2019INFERNET CADI\u00c8RE All. des artistes, Centre culturel de Fontblanche13127 Vitrolles tel :&nbsp;04 42 89 06 05 Email: infernetcadiere@gmail.com FEDERATION DES BOUCHES DU RH\u00d4NE POUR LA P\u00caCHE\u2028 ET LA PROTECTION DU MILIEU AQUATIQUE T\u00e9l : 04 42 26 59 15 Pour votre Information Consulter la page Facebook de L\u2019AAPPMAVisionner les vid\u00e9os sur Youtube de&hellip; Read more\" \/>\n<meta property=\"og:url\" content=\"https:\/\/infernet-cadiere.com\/index.php\/contact\/\" \/>\n<meta property=\"og:site_name\" content=\"L&#039;infernet Cadi\u00e8re\" \/>\n<meta property=\"article:modified_time\" content=\"2022-12-07T17:17:32+00:00\" \/>\n<meta property=\"og:image\" content=\"https:\/\/infernet-cadiere.com\/wp-content\/uploads\/2022\/03\/53121284_2211974072465115_8540060860528197632_n.jpg\" \/>\n\t<meta property=\"og:image:width\" content=\"2048\" \/>\n\t<meta property=\"og:image:height\" content=\"1536\" \/>\n\t<meta property=\"og:image:type\" content=\"image\/jpeg\" \/>\n<meta name=\"twitter:card\" content=\"summary_large_image\" \/>\n<script type=\"application\/ld+json\" class=\"yoast-schema-graph\">{\"@context\":\"https:\\\/\\\/schema.org\",\"@graph\":[{\"@type\":\"WebPage\",\"@id\":\"https:\\\/\\\/infernet-cadiere.com\\\/index.php\\\/contact\\\/\",\"url\":\"https:\\\/\\\/infernet-cadiere.com\\\/index.php\\\/contact\\\/\",\"name\":\"Contact - L&#039;infernet Cadi\u00e8re\",\"isPartOf\":{\"@id\":\"https:\\\/\\\/infernet-cadiere.com\\\/#website\"},\"primaryImageOfPage\":{\"@id\":\"https:\\\/\\\/infernet-cadiere.com\\\/index.php\\\/contact\\\/#primaryimage\"},\"image\":{\"@id\":\"https:\\\/\\\/infernet-cadiere.com\\\/index.php\\\/contact\\\/#primaryimage\"},\"thumbnailUrl\":\"https:\\\/\\\/infernet-cadiere.com\\\/wp-content\\\/uploads\\\/2022\\\/03\\\/53121284_2211974072465115_8540060860528197632_n.jpg\",\"datePublished\":\"2022-02-27T08:29:31+00:00\",\"dateModified\":\"2022-12-07T17:17:32+00:00\",\"breadcrumb\":{\"@id\":\"https:\\\/\\\/infernet-cadiere.com\\\/index.php\\\/contact\\\/#breadcrumb\"},\"inLanguage\":\"fr-FR\",\"potentialAction\":[{\"@type\":\"ReadAction\",\"target\":[\"https:\\\/\\\/infernet-cadiere.com\\\/index.php\\\/contact\\\/\"]}]},{\"@type\":\"ImageObject\",\"inLanguage\":\"fr-FR\",\"@id\":\"https:\\\/\\\/infernet-cadiere.com\\\/index.php\\\/contact\\\/#primaryimage\",\"url\":\"https:\\\/\\\/infernet-cadiere.com\\\/wp-content\\\/uploads\\\/2022\\\/03\\\/53121284_2211974072465115_8540060860528197632_n.jpg\",\"contentUrl\":\"https:\\\/\\\/infernet-cadiere.com\\\/wp-content\\\/uploads\\\/2022\\\/03\\\/53121284_2211974072465115_8540060860528197632_n.jpg\",\"width\":2048,\"height\":1536},{\"@type\":\"BreadcrumbList\",\"@id\":\"https:\\\/\\\/infernet-cadiere.com\\\/index.php\\\/contact\\\/#breadcrumb\",\"itemListElement\":[{\"@type\":\"ListItem\",\"position\":1,\"name\":\"Accueil\",\"item\":\"https:\\\/\\\/infernet-cadiere.com\\\/\"},{\"@type\":\"ListItem\",\"position\":2,\"name\":\"Contact\"}]},{\"@type\":\"WebSite\",\"@id\":\"https:\\\/\\\/infernet-cadiere.com\\\/#website\",\"url\":\"https:\\\/\\\/infernet-cadiere.com\\\/\",\"name\":\"L&#039;infernet Cadi\u00e8re\",\"description\":\"Association\",\"publisher\":{\"@id\":\"https:\\\/\\\/infernet-cadiere.com\\\/#organization\"},\"potentialAction\":[{\"@type\":\"SearchAction\",\"target\":{\"@type\":\"EntryPoint\",\"urlTemplate\":\"https:\\\/\\\/infernet-cadiere.com\\\/?s={search_term_string}\"},\"query-input\":{\"@type\":\"PropertyValueSpecification\",\"valueRequired\":true,\"valueName\":\"search_term_string\"}}],\"inLanguage\":\"fr-FR\"},{\"@type\":\"Organization\",\"@id\":\"https:\\\/\\\/infernet-cadiere.com\\\/#organization\",\"name\":\"L&#039;infernet Cadi\u00e8re\",\"url\":\"https:\\\/\\\/infernet-cadiere.com\\\/\",\"logo\":{\"@type\":\"ImageObject\",\"inLanguage\":\"fr-FR\",\"@id\":\"https:\\\/\\\/infernet-cadiere.com\\\/#\\\/schema\\\/logo\\\/image\\\/\",\"url\":\"https:\\\/\\\/infernet-cadiere.com\\\/wp-content\\\/uploads\\\/2022\\\/02\\\/logo2.png\",\"contentUrl\":\"https:\\\/\\\/infernet-cadiere.com\\\/wp-content\\\/uploads\\\/2022\\\/02\\\/logo2.png\",\"width\":650,\"height\":644,\"caption\":\"L&#039;infernet Cadi\u00e8re\"},\"image\":{\"@id\":\"https:\\\/\\\/infernet-cadiere.com\\\/#\\\/schema\\\/logo\\\/image\\\/\"}}]}<\/script>\n<!-- \/ Yoast SEO plugin. -->","yoast_head_json":{"title":"Contact - L&#039;infernet Cadi\u00e8re","robots":{"index":"index","follow":"follow","max-snippet":"max-snippet:-1","max-image-preview":"max-image-preview:large","max-video-preview":"max-video-preview:-1"},"canonical":"https:\/\/infernet-cadiere.com\/index.php\/contact\/","og_locale":"fr_FR","og_type":"article","og_title":"Contact - L&#039;infernet Cadi\u00e8re","og_description":"Contactez-nous AAPPMA L\u2019INFERNET CADI\u00c8RE All. des artistes, Centre culturel de Fontblanche13127 Vitrolles tel :&nbsp;04 42 89 06 05 Email: infernetcadiere@gmail.com FEDERATION DES BOUCHES DU RH\u00d4NE POUR LA P\u00caCHE\u2028 ET LA PROTECTION DU MILIEU AQUATIQUE T\u00e9l : 04 42 26 59 15 Pour votre Information Consulter la page Facebook de L\u2019AAPPMAVisionner les vid\u00e9os sur Youtube de&hellip; Read more","og_url":"https:\/\/infernet-cadiere.com\/index.php\/contact\/","og_site_name":"L&#039;infernet Cadi\u00e8re","article_modified_time":"2022-12-07T17:17:32+00:00","og_image":[{"width":2048,"height":1536,"url":"https:\/\/infernet-cadiere.com\/wp-content\/uploads\/2022\/03\/53121284_2211974072465115_8540060860528197632_n.jpg","type":"image\/jpeg"}],"twitter_card":"summary_large_image","schema":{"@context":"https:\/\/schema.org","@graph":[{"@type":"WebPage","@id":"https:\/\/infernet-cadiere.com\/index.php\/contact\/","url":"https:\/\/infernet-cadiere.com\/index.php\/contact\/","name":"Contact - L&#039;infernet Cadi\u00e8re","isPartOf":{"@id":"https:\/\/infernet-cadiere.com\/#website"},"primaryImageOfPage":{"@id":"https:\/\/infernet-cadiere.com\/index.php\/contact\/#primaryimage"},"image":{"@id":"https:\/\/infernet-cadiere.com\/index.php\/contact\/#primaryimage"},"thumbnailUrl":"https:\/\/infernet-cadiere.com\/wp-content\/uploads\/2022\/03\/53121284_2211974072465115_8540060860528197632_n.jpg","datePublished":"2022-02-27T08:29:31+00:00","dateModified":"2022-12-07T17:17:32+00:00","breadcrumb":{"@id":"https:\/\/infernet-cadiere.com\/index.php\/contact\/#breadcrumb"},"inLanguage":"fr-FR","potentialAction":[{"@type":"ReadAction","target":["https:\/\/infernet-cadiere.com\/index.php\/contact\/"]}]},{"@type":"ImageObject","inLanguage":"fr-FR","@id":"https:\/\/infernet-cadiere.com\/index.php\/contact\/#primaryimage","url":"https:\/\/infernet-cadiere.com\/wp-content\/uploads\/2022\/03\/53121284_2211974072465115_8540060860528197632_n.jpg","contentUrl":"https:\/\/infernet-cadiere.com\/wp-content\/uploads\/2022\/03\/53121284_2211974072465115_8540060860528197632_n.jpg","width":2048,"height":1536},{"@type":"BreadcrumbList","@id":"https:\/\/infernet-cadiere.com\/index.php\/contact\/#breadcrumb","itemListElement":[{"@type":"ListItem","position":1,"name":"Accueil","item":"https:\/\/infernet-cadiere.com\/"},{"@type":"ListItem","position":2,"name":"Contact"}]},{"@type":"WebSite","@id":"https:\/\/infernet-cadiere.com\/#website","url":"https:\/\/infernet-cadiere.com\/","name":"L&#039;infernet Cadi\u00e8re","description":"Association","publisher":{"@id":"https:\/\/infernet-cadiere.com\/#organization"},"potentialAction":[{"@type":"SearchAction","target":{"@type":"EntryPoint","urlTemplate":"https:\/\/infernet-cadiere.com\/?s={search_term_string}"},"query-input":{"@type":"PropertyValueSpecification","valueRequired":true,"valueName":"search_term_string"}}],"inLanguage":"fr-FR"},{"@type":"Organization","@id":"https:\/\/infernet-cadiere.com\/#organization","name":"L&#039;infernet Cadi\u00e8re","url":"https:\/\/infernet-cadiere.com\/","logo":{"@type":"ImageObject","inLanguage":"fr-FR","@id":"https:\/\/infernet-cadiere.com\/#\/schema\/logo\/image\/","url":"https:\/\/infernet-cadiere.com\/wp-content\/uploads\/2022\/02\/logo2.png","contentUrl":"https:\/\/infernet-cadiere.com\/wp-content\/uploads\/2022\/02\/logo2.png","width":650,"height":644,"caption":"L&#039;infernet Cadi\u00e8re"},"image":{"@id":"https:\/\/infernet-cadiere.com\/#\/schema\/logo\/image\/"}}]}},"_links":{"self":[{"href":"https:\/\/infernet-cadiere.com\/index.php\/wp-json\/wp\/v2\/pages\/21","targetHints":{"allow":["GET"]}}],"collection":[{"href":"https:\/\/infernet-cadiere.com\/index.php\/wp-json\/wp\/v2\/pages"}],"about":[{"href":"https:\/\/infernet-cadiere.com\/index.php\/wp-json\/wp\/v2\/types\/page"}],"author":[{"embeddable":true,"href":"https:\/\/infernet-cadiere.com\/index.php\/wp-json\/wp\/v2\/users\/1"}],"replies":[{"embeddable":true,"href":"https:\/\/infernet-cadiere.com\/index.php\/wp-json\/wp\/v2\/comments?post=21"}],"version-history":[{"count":18,"href":"https:\/\/infernet-cadiere.com\/index.php\/wp-json\/wp\/v2\/pages\/21\/revisions"}],"predecessor-version":[{"id":1192,"href":"https:\/\/infernet-cadiere.com\/index.php\/wp-json\/wp\/v2\/pages\/21\/revisions\/1192"}],"wp:featuredmedia":[{"embeddable":true,"href":"https:\/\/infernet-cadiere.com\/index.php\/wp-json\/wp\/v2\/media\/282"}],"wp:attachment":[{"href":"https:\/\/infernet-cadiere.com\/index.php\/wp-json\/wp\/v2\/media?parent=21"}],"curies":[{"name":"wp","href":"https:\/\/api.w.org\/{rel}","templated":true}]}}